{"id":1104,"date":"2026-02-09T21:13:29","date_gmt":"2026-02-09T21:13:29","guid":{"rendered":"https:\/\/ms2lauf.de\/?page_id=1104"},"modified":"2026-02-09T21:15:09","modified_gmt":"2026-02-09T21:15:09","slug":"aufnahme","status":"publish","type":"page","link":"https:\/\/ms2lauf.de\/?page_id=1104","title":{"rendered":"Aufnahme"},"content":{"rendered":"\n<p><strong>Anmeldung f\u00fcr Sch\u00fclerinnen und Sch\u00fcler ab der vierten Klasse<\/strong><\/p>\n\n\n\n<p>Die Sch\u00fclerinnen und Sch\u00fcler aus den 4. Klassen k\u00f6nnen sich zum Zeitpunkt des \u00dcbertrittszeugnisses an der Bertlein-Mittelschule anmelden.<\/p>\n\n\n\n<p>F\u00fcr Sch\u00fclerinnen und Sch\u00fcler, die von einer anderen weiterf\u00fchrenden Schule (Mittelschule, Realschule, Gymnasium, \u2026) zu uns wechseln, bitten wir die Erziehungsberechtigten einen Termin \u00fcber unsere Verwaltung per Mail (<a href=\"mailto:mittelschule@bertleinschule.de\">mittelschule@bertleinschule.de<\/a>) zu vereinbaren, an dem Sie gemeinsam mit ihrem Kind und den vorher ausgef\u00fcllten Anmeldeunterlagen bei uns erscheinen.<\/p>\n\n\n\n<p>Bitte bringen Sie zur Anmeldung au\u00dferdem folgende Unterlagen mit:<\/p>\n\n\n\n<ol>\n<li>Personalausweis, ggf. Pass und Geburtsurkunde des Kindes<\/li>\n\n\n\n<li>Letzte Zeugnisse des Kindes<\/li>\n\n\n\n<li>Wohnungsanmeldung<\/li>\n\n\n\n<li>Nachweis \u00fcber ausreichendem Masernschutz<\/li>\n\n\n\n<li>Ggf. Sorgerechtsbescheid bei geschiedenen Eltern<\/li>\n<\/ol>\n\n\n\n<p>Das Anmeldeformular k\u00f6nnen sie hier herunterladen:<\/p>\n\n\n\n<div data-wp-interactive=\"core\/file\" class=\"wp-block-file\"><object data-wp-bind--hidden=\"!state.hasPdfPreview\"  class=\"wp-block-file__embed\" data=\"https:\/\/ms2lauf.de\/wp-content\/uploads\/2026\/02\/Anmeldeformular-.pdf\" type=\"application\/pdf\" style=\"width:100%;height:600px\" aria-label=\"Einbettung von Anmeldeformular-.\"><\/object><a id=\"wp-block-file--media-539f0372-984a-40cf-beb1-a2308909287c\" href=\"https:\/\/ms2lauf.de\/wp-content\/uploads\/2026\/02\/Anmeldeformular-.pdf\">Anmeldeformular-<\/a><a href=\"https:\/\/ms2lauf.de\/wp-content\/uploads\/2026\/02\/Anmeldeformular-.pdf\" class=\"wp-block-file__button wp-element-button\" download aria-describedby=\"wp-block-file--media-539f0372-984a-40cf-beb1-a2308909287c\">Herunterladen<\/a><\/div>\n","protected":false},"excerpt":{"rendered":"<p>Anmeldung f\u00fcr Sch\u00fclerinnen und Sch\u00fcler ab der vierten Klasse Die Sch\u00fclerinnen und Sch\u00fcler aus den 4. Klassen k\u00f6nnen sich zum &hellip; <\/p>\n","protected":false},"author":8,"featured_media":0,"parent":0,"menu_order":0,"comment_status":"closed","ping_status":"closed","template":"","meta":{"footnotes":""},"_links":{"self":[{"href":"https:\/\/ms2lauf.de\/index.php?rest_route=\/wp\/v2\/pages\/1104"}],"collection":[{"href":"https:\/\/ms2lauf.de\/index.php?rest_route=\/wp\/v2\/pages"}],"about":[{"href":"https:\/\/ms2lauf.de\/index.php?rest_route=\/wp\/v2\/types\/page"}],"author":[{"embeddable":true,"href":"https:\/\/ms2lauf.de\/index.php?rest_route=\/wp\/v2\/users\/8"}],"replies":[{"embeddable":true,"href":"https:\/\/ms2lauf.de\/index.php?rest_route=%2Fwp%2Fv2%2Fcomments&post=1104"}],"version-history":[{"count":2,"href":"https:\/\/ms2lauf.de\/index.php?rest_route=\/wp\/v2\/pages\/1104\/revisions"}],"predecessor-version":[{"id":1108,"href":"https:\/\/ms2lauf.de\/index.php?rest_route=\/wp\/v2\/pages\/1104\/revisions\/1108"}],"wp:attachment":[{"href":"https:\/\/ms2lauf.de\/index.php?rest_route=%2Fwp%2Fv2%2Fmedia&parent=1104"}],"curies":[{"name":"wp","href":"https:\/\/api.w.org\/{rel}","templated":true}]}}