{"id":1125,"date":"2026-05-07T08:39:49","date_gmt":"2026-05-07T08:39:49","guid":{"rendered":"https:\/\/ms2lauf.de\/?page_id=1125"},"modified":"2026-05-07T08:55:33","modified_gmt":"2026-05-07T08:55:33","slug":"berufsorientierung","status":"publish","type":"page","link":"https:\/\/ms2lauf.de\/?page_id=1125","title":{"rendered":"Berufsorientierung"},"content":{"rendered":"\n<p><strong>Berufsorientierung an unserer Mittelschule<\/strong><\/p>\n\n\n\n<p>Die Berufsorientierung ist ein zentraler Bestandteil unserer schulischen Arbeit. Wir begleiten unsere Sch\u00fclerinnen und Sch\u00fcler auf ihrem Weg von der Schule in die Arbeitswelt und unterst\u00fctzen sie dabei, ihre St\u00e4rken zu erkennen und realistische Berufsperspektiven zu entwickeln.<\/p>\n\n\n\n<p>Dabei setzen wir auf verschiedene S\u00e4ulen, um unsere Sch\u00fclerinnen und Sch\u00fcler bestm\u00f6glich vorzubereiten.<\/p>\n\n\n\n<p>1. Berufsberatung<\/p>\n\n\n\n<p>2. schulische Ausbildung<\/p>\n\n\n\n<p>3. Unser Fahrplan (Schulcurriculum)<\/p>\n\n\n\n<p><\/p>\n\n\n\n<p><strong>Hilfreiche Links<\/strong><\/p>\n\n\n\n<p><strong>Offizielle Informationsseiten<\/strong><\/p>\n\n\n\n<ul>\n<li>Bundesagentur f\u00fcr Arbeit (Berufsberatung, Ausbildungsstellen, Berufsinformationen allgemein): <a href=\"https:\/\/www.arbeitsagentur.de\/bildung\">meinBERUF | Bundesagentur f\u00fcr Arbeit<\/a><\/li>\n\n\n\n<li>Planet Beruf (Infos zu Berufen und Bewerbung): <a href=\"http:\/\/www.planet-beruf.de\/\" target=\"_blank\" rel=\"noreferrer noopener\">www.planet-beruf.de<\/a><\/li>\n\n\n\n<li>BERUFENET (Berufsbeschreibungen): <a href=\"http:\/\/www.berufenet.arbeitsagentur.de\/\" target=\"_blank\" rel=\"noreferrer noopener\"><em>www.berufenet.arbeitsagentur.de<\/em><\/a><\/li>\n\n\n\n<li><a>berufe.tv<\/a><\/li>\n<\/ul>\n\n\n\n<p><strong>Ausbildungsb\u00f6rsen<\/strong><\/p>\n\n\n\n<ul>\n<li>Lehrstellenradar: <a href=\"https:\/\/www.lehrstellen-radar.de\/5100,90,lsrsearch.html\">Suche<\/a><\/li>\n\n\n\n<li>IHK N\u00fcrnberg Lehrstellenb\u00f6rse (und Praktikumsb\u00f6rse): \u00a0<a href=\"http:\/\/www.ihk-lehrstellenboerse.de\/\" target=\"_blank\" rel=\"noreferrer noopener\">www.ihk-lehrstellenboerse.de<\/a><\/li>\n\n\n\n<li>Handwerkskammer Mittelfranken Praktikums- und Lehrstellenb\u00f6rse:\u00a0<a href=\"http:\/\/www.hwk-mittelfranken.de\/75,0,jobboardsearch.html%20\" target=\"_blank\" rel=\"noreferrer noopener\">www.hwk-mittelfranken.de<\/a><\/li>\n\n\n\n<li>Ausbildungsb\u00f6rse von AUBI-Plus:\u00a0<a href=\"http:\/\/www.aubi-plus.de\/extern\/1449\/suchmaschine\/\" target=\"_blank\" rel=\"noreferrer noopener\">www.aubi-plus.de<\/a>\u00a0<\/li>\n<\/ul>\n\n\n\n<p><strong>Selbsterkundung &amp; Tests<\/strong><\/p>\n\n\n\n<ul>\n<li>Test: &#8222;Welcher Handwerksberuf passt am besten zu mir?&#8220;:\u00a0<a href=\"http:\/\/www.handwerk.de\/dein-start-im-handwerk\/welcher-beruf-ist-der-richtige-fuer-mich\/berufe-checker.html\" target=\"_blank\" rel=\"noreferrer noopener\">handwerk.de\/berufe-checker<\/a><\/li>\n\n\n\n<li>Check-U (Interessen- und F\u00e4higkeitstests): <a href=\"https:\/\/www.arbeitsagentur.de\/bildung\/welche-ausbildung-welches-studium-passt\">Check-U: Der Berufsorientierungstest | Bundesagentur f\u00fcr Arbeit<\/a><\/li>\n<\/ul>\n\n\n\n<p><strong>St\u00e4rken- und Kompetenztests:<\/strong><\/p>\n\n\n\n<ul>\n<li><a href=\"https:\/\/www.google.com\/url?sa=i&amp;source=web&amp;rct=j&amp;url=https:\/\/www.ihk-nuernberg.de\/startpunkt-ausbildung\/kompetenzcheck21&amp;ved=2ahUKEwirrb6IqLiTAxWo9wIHHU-vAO8Qy_kOegQIAxAD&amp;opi=89978449&amp;cd&amp;psig=AOvVaw3LW1phK-UL3wBC3K-quQ4p&amp;ust=1774434044540000\" target=\"_blank\" rel=\"noreferrer noopener\">IHK-Kompetenzcheck21<\/a><strong>:<\/strong>\u00a0Online-Test, der 21 berufliche F\u00e4higkeiten pr\u00fcft und ein Zertifikat f\u00fcr Bewerbungen ausstellt.<\/li>\n\n\n\n<li><a href=\"https:\/\/www.google.com\/search?q=BerufsCheck%28me%29&amp;oq=berufsorientierung+%E2%80%A2%09St%C3%A4rken-+und+Kompetenztests&amp;gs_lcrp=EgRlZGdlKgYIABBFGDkyBggAEEUYOTIICAEQ6QcY_FUyBwgCEOsHGEDSAQgzNjQ4ajBqNKgCALACAA&amp;sourceid=chrome&amp;ie=UTF-8&amp;safe=active&amp;ssui=on&amp;mstk=AUtExfD2sI6xR8VrmSX6fgxSxKYsnVyu_40Jc1u6AfB4mifCg0TprBBcb9tsPHRE0Evfw-VRpOClP7pRAVTQlTdq3RtzDBqnWy6GA8FFklWxfc3mbjLErHgMAjsdov4BTlWPPKsby980xx00ZJCWiU0DyCowFx093Siknkk9-p95pLIXdS5kICDhdEYIBFfxL7iCFTIJ&amp;csui=3&amp;ved=2ahUKEwirrb6IqLiTAxWo9wIHHU-vAO8QgK4QegQIAxAF\">BerufsCheck(me)<\/a><strong>\u00a0(Bayern):<\/strong>\u00a0Speziell f\u00fcr Metall- und Elektroberufe.<\/li>\n\n\n\n<li><a href=\"https:\/\/www.google.com\/url?sa=i&amp;source=web&amp;rct=j&amp;url=https:\/\/stuzubi.de\/online-magazin\/berufswahltests-fuer-schueler\/&amp;ved=2ahUKEwirrb6IqLiTAxWo9wIHHU-vAO8Qy_kOegQIAxAH&amp;opi=89978449&amp;cd&amp;psig=AOvVaw3LW1phK-UL3wBC3K-quQ4p&amp;ust=1774434044540000\" target=\"_blank\" rel=\"noreferrer noopener\">Stuzubi Orientierungstest<\/a><strong>:<\/strong>\u00a0Schnelltest (ca. 5 Min.) zur Ermittlung des Pers\u00f6nlichkeitstyps (z.B. kreativ, praktisch).<\/li>\n\n\n\n<li><a href=\"https:\/\/www.google.com\/url?sa=i&amp;source=web&amp;rct=j&amp;url=https:\/\/www.ausbildungskompass.de\/berufecheck\/staerke-test&amp;ved=2ahUKEwirrb6IqLiTAxWo9wIHHU-vAO8Qy_kOegQIAxAJ&amp;opi=89978449&amp;cd&amp;psig=AOvVaw3LW1phK-UL3wBC3K-quQ4p&amp;ust=1774434044540000\" target=\"_blank\" rel=\"noreferrer noopener\">Ausbildungskompass<\/a><strong>:<\/strong>\u00a0Bietet einen Test mit 46 Fragen in vier Kategorien (Sozial-, Lern-, Personal- &amp; Fachkompetenz).\u00a0<\/li>\n<\/ul>\n\n\n\n<p>Unser Ziel ist es, alle Sch\u00fclerinnen und Sch\u00fcler bestm\u00f6glich auf den \u00dcbergang ins Berufsleben vorzubereiten und ihnen eine fundierte, selbstbestimmte Berufswahl zu erm\u00f6glichen.<\/p>\n\n\n\n<p><\/p>\n\n\n\n<p>1. <strong>Berufsberatung<\/strong><\/p>\n\n\n\n<p>Wir an der Bertleinschule haben das gro\u00dfe Gl\u00fcck mit Emmeline Gille einen motivierten Profi f\u00fcr die Berufsberatung an der Hand zu haben.<\/p>\n\n\n\n<p>Auf dieser Seite finden Sie die wichtigsten Informationen zu ihr und dem Bereich Berufsberatung.<\/p>\n\n\n\n<p><strong>Wer bin ich?<\/strong><\/p>\n\n\n<div class=\"wp-block-image\">\n<figure class=\"alignright size-full is-resized\"><img loading=\"lazy\" decoding=\"async\" width=\"488\" height=\"501\" src=\"https:\/\/ms2lauf.de\/wp-content\/uploads\/2026\/05\/Gille.jpg\" alt=\"\" class=\"wp-image-1129\" style=\"width:250px;height:auto\" srcset=\"https:\/\/ms2lauf.de\/wp-content\/uploads\/2026\/05\/Gille.jpg 488w, https:\/\/ms2lauf.de\/wp-content\/uploads\/2026\/05\/Gille-292x300.jpg 292w\" sizes=\"(max-width: 488px) 100vw, 488px\" \/><\/figure><\/div>\n\n\n<p><strong>Emmeline Gille<\/strong><\/p>\n\n\n\n<ul>\n<li>Ich berate Dich in allen Fragen rund um Berufe, Ausbildungen, Praktika und zu den \u00dcberbr\u00fcckungsm\u00f6glichkeiten wie Freiwilligen Dienste oder Auslandsaufenthalte.<\/li>\n\n\n\n<li>Mein Beratungsangebot steht allen Sch\u00fclerinnen und Sch\u00fclern der Bertleinschule zur Verf\u00fcgung und ist kostenfrei und neutral.<\/li>\n\n\n\n<li>Auch f\u00fcr Eltern stehe ich als Ansprechpartnerin bereit.<\/li>\n<\/ul>\n\n\n\n<p><strong>Wen spreche ich an?<\/strong><\/p>\n\n\n\n<ul>\n<li>Mein Angebot richtet sich an alle Sch\u00fclerinnen und Sch\u00fcler der Bertleinschule und deren Eltern.<\/li>\n<\/ul>\n\n\n\n<p><strong>Mein Serviceangebot f\u00fcr dich<\/strong><\/p>\n\n\n<div class=\"wp-block-image\">\n<figure class=\"alignright size-large is-resized\"><img loading=\"lazy\" decoding=\"async\" width=\"895\" height=\"1024\" src=\"https:\/\/ms2lauf.de\/wp-content\/uploads\/2026\/05\/Bild2-895x1024.png\" alt=\"\" class=\"wp-image-1130\" style=\"width:258px;height:auto\" srcset=\"https:\/\/ms2lauf.de\/wp-content\/uploads\/2026\/05\/Bild2-895x1024.png 895w, https:\/\/ms2lauf.de\/wp-content\/uploads\/2026\/05\/Bild2-262x300.png 262w, https:\/\/ms2lauf.de\/wp-content\/uploads\/2026\/05\/Bild2-768x879.png 768w, https:\/\/ms2lauf.de\/wp-content\/uploads\/2026\/05\/Bild2.png 985w\" sizes=\"(max-width: 895px) 100vw, 895px\" \/><\/figure><\/div>\n\n\n<ul>\n<li>Orientierung \u00fcber berufliche M\u00f6glichkeiten und Fragen der Berufswahl<\/li>\n\n\n\n<li>pers\u00f6nliche Berufsberatung in Einzelgespr\u00e4chen<\/li>\n\n\n\n<li>Kl\u00e4rung individueller F\u00e4higkeiten und Eignung f\u00fcr bestimmte Berufe<\/li>\n\n\n\n<li>Beratung zu F\u00f6rderm\u00f6glichkeiten<\/li>\n\n\n\n<li>Beratung zu weiterf\u00fchrenden Schulen<\/li>\n\n\n\n<li>Hilfen bei der Bewerbung<\/li>\n\n\n\n<li>Vermittlung von Ausbildungsstellen<\/li>\n<\/ul>\n\n\n\n<p><strong>Schulsprechstunden f\u00fcr kurze Ausk\u00fcnfte<\/strong><\/p>\n\n\n\n<ul>\n<li>Meine Sprechstunde findet immer montags von 8.00 Uhr bis 13 Uhr in der Schule statt.<\/li>\n<\/ul>\n\n\n\n<p><strong>Ausf\u00fchrliche Beratungstermine<\/strong><\/p>\n\n\n\n<ul>\n<li>nach Vereinbarung in meinem B\u00fcro in der Hersbrucker Stra\u00dfe 52, Lauf an der Pegnitz<\/li>\n\n\n\n<li>Eine telefonische oder Videoberatung sind ebenfalls nach vorheriger Absprache m\u00f6glich.<\/li>\n<\/ul>\n\n\n\n<p><a><strong><em>Es geht um deine Zukunft. Ich bin f\u00fcr dich in allen Fragen rund um Deine Berufswahl da.<\/em><\/strong><\/a><\/p>\n\n\n\n<p><\/p>\n\n\n\n<p>2. <strong>schulische Ausbildung<\/strong><\/p>\n\n\n\n<figure class=\"wp-block-image size-full\"><img loading=\"lazy\" decoding=\"async\" width=\"945\" height=\"531\" src=\"https:\/\/ms2lauf.de\/wp-content\/uploads\/2026\/05\/Bild3.png\" alt=\"\" class=\"wp-image-1131\" srcset=\"https:\/\/ms2lauf.de\/wp-content\/uploads\/2026\/05\/Bild3.png 945w, https:\/\/ms2lauf.de\/wp-content\/uploads\/2026\/05\/Bild3-300x169.png 300w, https:\/\/ms2lauf.de\/wp-content\/uploads\/2026\/05\/Bild3-768x432.png 768w\" sizes=\"(max-width: 945px) 100vw, 945px\" \/><\/figure>\n\n\n\n<p><a href=\"https:\/\/www.isb.bayern.de\/fileadmin\/_processed_\/f\/1\/csm_UEbersichtsbild_Berufsorientierung_66d378ba84.png\">csm_UEbersichtsbild_Berufsorientierung_66d378ba84.png (1444\u00d7812)<\/a><\/p>\n\n\n\n<p>Das Fach\u00a0<em>Wirtschaft und Beruf\u00a0<\/em>und die berufsorientierenden Wahlpflichtf\u00e4cher<em>\u00a0Ern\u00e4hrung und Soziales, Technik, Wirtschaft und Kommunikation<\/em>, sowie das Fach\u00a0<em>Werken und Gestalten<\/em>\u00a0und das Wahlfach\u00a0<em>Buchf\u00fchrung<\/em>\u00a0bilden in der Stundentafel f\u00fcr die Mittelschule das Lernfeld Berufsorientierung. Wirtschaft und Beruf hat darin die Funktion eines Leitfaches.\u00a0Der Arbeitsschwerpunkt im Referat liegt in der Entwicklung und Betreuung von Lehrpl\u00e4nen sowie der Erarbeitung von Umsetzungshilfen f\u00fcr den Unterricht. (ISB)<\/p>\n\n\n\n<p><\/p>\n\n\n\n<p>3. <strong>Unser Fahrplan (Schulcurriculum)<\/strong><\/p>\n\n\n\n<p>Unsere Sch\u00fclerinnen und Sch\u00fcler k\u00f6nnen fr\u00fchzeitig erste Erfahrungen im beruflichen Umfeld sammeln.<\/p>\n\n\n\n<p>Dabei legen wir Wert darauf, dies altersgerecht und den Anforderungen der Wirtschaft entsprechend anzubieten.<\/p>\n\n\n\n<p>Die m\u00f6glichst zielgerichtete Berufswahl und Vorbereitung auf das Arbeitsleben sind uns ein gro\u00dfes Anliegen.<\/p>\n","protected":false},"excerpt":{"rendered":"<p>Berufsorientierung an unserer Mittelschule Die Berufsorientierung ist ein zentraler Bestandteil unserer schulischen Arbeit. Wir begleiten unsere Sch\u00fclerinnen und Sch\u00fcler auf &hellip; <\/p>\n","protected":false},"author":8,"featured_media":0,"parent":0,"menu_order":0,"comment_status":"closed","ping_status":"closed","template":"","meta":{"footnotes":""},"_links":{"self":[{"href":"https:\/\/ms2lauf.de\/index.php?rest_route=\/wp\/v2\/pages\/1125"}],"collection":[{"href":"https:\/\/ms2lauf.de\/index.php?rest_route=\/wp\/v2\/pages"}],"about":[{"href":"https:\/\/ms2lauf.de\/index.php?rest_route=\/wp\/v2\/types\/page"}],"author":[{"embeddable":true,"href":"https:\/\/ms2lauf.de\/index.php?rest_route=\/wp\/v2\/users\/8"}],"replies":[{"embeddable":true,"href":"https:\/\/ms2lauf.de\/index.php?rest_route=%2Fwp%2Fv2%2Fcomments&post=1125"}],"version-history":[{"count":2,"href":"https:\/\/ms2lauf.de\/index.php?rest_route=\/wp\/v2\/pages\/1125\/revisions"}],"predecessor-version":[{"id":1132,"href":"https:\/\/ms2lauf.de\/index.php?rest_route=\/wp\/v2\/pages\/1125\/revisions\/1132"}],"wp:attachment":[{"href":"https:\/\/ms2lauf.de\/index.php?rest_route=%2Fwp%2Fv2%2Fmedia&parent=1125"}],"curies":[{"name":"wp","href":"https:\/\/api.w.org\/{rel}","templated":true}]}}